{"id":408,"date":"2022-01-04T01:03:14","date_gmt":"2022-01-04T01:03:14","guid":{"rendered":"https:\/\/www.tydeligetegn.dk\/?page_id=408"},"modified":"2022-01-04T01:19:51","modified_gmt":"2022-01-04T01:19:51","slug":"beinir-bergsson","status":"publish","type":"page","link":"https:\/\/www.tydeligetegn.dk\/index.php\/beinir-bergsson\/","title":{"rendered":"Beinir Bergsson"},"content":{"rendered":"<h3 class=\"fonts-plugin-block \" style=\"font-family: georgia\">Tre digte<\/h3>\n\n<p class=\"fonts-plugin-block \" style=\"font-family: georgia\"><em>af Beinir Bergsson<\/em><\/p>\n\n\n<div class=\"wp-block-columns is-layout-flex wp-container-core-columns-is-layout-9d6595d7 wp-block-columns-is-layout-flex\">\n<div class=\"wp-block-column is-layout-flow wp-block-column-is-layout-flow\"><p class=\"fonts-plugin-block \" style=\"font-family: Courier Prime\">T\u00fa leg\u00f0i meg<br>millum varrarnar<br>toga\u00f0i meg eins og f\u00ednagras<br>t\u00fa bl\u00e1sti meg burtur<br><br>*<br><br>Bora fingrarnar \u00ed ryggin \u00e1 m\u00e6r<br>t\u00e1 eg tr\u00fdsti teg upp at vegginum<br>halt um sk\u00f8vningin og s\u00edggj<br>l\u00edv\u00e6\u00f0rina duka \u00ed m\u00ednum h\u00e1lsi<br>me\u00f0an t\u00fa liggur \u00e1 bakinum<br>kroyst undirarmarnar<br>inn m\u00f3ti bringuni \u00e1 m\u00e6r<br>tveit meg til s\u00ed\u00f0is<br>og set teg \u00e1 meg<br>r\u00f3pa eftir m\u00e6r sum tveir sm\u00e1dreingir<br>i\u00f0 berjast<br>av ilsinni<br>i\u00f0 br\u00faka allar grundir<br>at fara til hendurs<br>at leggja seg oman \u00e1 hv\u00f8nn annan<br>at sl\u00e1a<br>fyri s\u00ed\u00f0an at lata tann \u00e1 j\u00f8r\u00f0ini<br>taka hin av r\u00e6\u00f0i<br>b\u00f3lta runt<br>\u00ed n\u00e1ttarseingini<br>vi\u00f0 m\u00e6r<br>og vatna madrassuna<br>vi\u00f0 okkara sveitta<br><br>*<br><br>Bl\u00e1s inn \u00ed m\u00edn munn<br>m\u00ednir \u00e6\u00f0rar fara at sp\u00edra<br>ytst \u00e1 fingrasnippunum \u00e1 m\u00e6r<\/p><\/div>\n\n\n\n<div class=\"wp-block-column is-layout-flow wp-block-column-is-layout-flow\"><p class=\"fonts-plugin-block \" style=\"font-family: Courier Prime\">Du lagde mig<br>mellem dine l\u00e6ber <br>trak mig som hvene<br>du bl\u00e6ste mig v\u00e6k <br><br>*<br><br>Bor dine fingre i min ryg<br>n\u00e5r jeg skubber dig op mod v\u00e6ggen<br>hold om mit h\u00e5ndled og se<br>puls\u00e5ren banke i min hals<br>mens du ligger p\u00e5 ryggen<br>pres dine underarme<br>ind mod min brystkasse<br>kast mig fra dig<br>og s\u00e6t dig p\u00e5 mig<br>r\u00e5b efter mig som to drenge<br>der k\u00e6mper<br>af vrede<br>der benytter sig af alle grunde<br>til at s\u00e6tte kl\u00f8erne i hinanden<br>til at l\u00e6gge sig oven over hinanden<br>til at sl\u00e5s<br>for siden at lade den p\u00e5 jorden<br>tage kontrollen<br>sl\u00e5 en kolb\u00f8tte<br>med mig<br>i nattesengen<br>og vandmadrassen<br>med vores sved<br><br>*<br><br>Bl\u00e6s ind i min mund<br>mine \u00e5rer begynder at spire<br>yderst p\u00e5 mine fingerspidser<\/p><\/div>\n<\/div>\n\n\n\n<div style=\"height:200px\" aria-hidden=\"true\" class=\"wp-block-spacer\"><\/div>\n","protected":false},"excerpt":{"rendered":"","protected":false},"author":1,"featured_media":0,"parent":0,"menu_order":0,"comment_status":"closed","ping_status":"closed","template":"","meta":{"footnotes":""},"class_list":["post-408","page","type-page","status-publish","hentry","post-preview"],"aioseo_notices":[],"_links":{"self":[{"href":"https:\/\/www.tydeligetegn.dk\/index.php\/wp-json\/wp\/v2\/pages\/408","targetHints":{"allow":["GET"]}}],"collection":[{"href":"https:\/\/www.tydeligetegn.dk\/index.php\/wp-json\/wp\/v2\/pages"}],"about":[{"href":"https:\/\/www.tydeligetegn.dk\/index.php\/wp-json\/wp\/v2\/types\/page"}],"author":[{"embeddable":true,"href":"https:\/\/www.tydeligetegn.dk\/index.php\/wp-json\/wp\/v2\/users\/1"}],"replies":[{"embeddable":true,"href":"https:\/\/www.tydeligetegn.dk\/index.php\/wp-json\/wp\/v2\/comments?post=408"}],"version-history":[{"count":3,"href":"https:\/\/www.tydeligetegn.dk\/index.php\/wp-json\/wp\/v2\/pages\/408\/revisions"}],"predecessor-version":[{"id":427,"href":"https:\/\/www.tydeligetegn.dk\/index.php\/wp-json\/wp\/v2\/pages\/408\/revisions\/427"}],"wp:attachment":[{"href":"https:\/\/www.tydeligetegn.dk\/index.php\/wp-json\/wp\/v2\/media?parent=408"}],"curies":[{"name":"wp","href":"https:\/\/api.w.org\/{rel}","templated":true}]}}

<h3 class="fonts-plugin-block " style="font-family: georgia">Tre digte</h3>

<p class="fonts-plugin-block " style="font-family: georgia"><em>af Beinir Bergsson</em></p>


<div class="wp-block-columns is-layout-flex wp-container-core-columns-is-layout-9d6595d7 wp-block-columns-is-layout-flex">
<div class="wp-block-column is-layout-flow wp-block-column-is-layout-flow"><p class="fonts-plugin-block " style="font-family: Courier Prime">Tú legði meg<br>millum varrarnar<br>togaði meg eins og fínagras<br>tú blásti meg burtur<br><br>*<br><br>Bora fingrarnar í ryggin á mær<br>tá eg trýsti teg upp at vegginum<br>halt um skøvningin og síggj<br>lívæðrina duka í mínum hálsi<br>meðan tú liggur á bakinum<br>kroyst undirarmarnar<br>inn móti bringuni á mær<br>tveit meg til síðis<br>og set teg á meg<br>rópa eftir mær sum tveir smádreingir<br>ið berjast<br>av ilsinni<br>ið brúka allar grundir<br>at fara til hendurs<br>at leggja seg oman á hvønn annan<br>at sláa<br>fyri síðan at lata tann á jørðini<br>taka hin av ræði<br>bólta runt<br>í náttarseingini<br>við mær<br>og vatna madrassuna<br>við okkara sveitta<br><br>*<br><br>Blás inn í mín munn<br>mínir æðrar fara at spíra<br>ytst á fingrasnippunum á mær</p></div>



<div class="wp-block-column is-layout-flow wp-block-column-is-layout-flow"><p class="fonts-plugin-block " style="font-family: Courier Prime">Du lagde mig<br>mellem dine læber <br>trak mig som hvene<br>du blæste mig væk <br><br>*<br><br>Bor dine fingre i min ryg<br>når jeg skubber dig op mod væggen<br>hold om mit håndled og se<br>pulsåren banke i min hals<br>mens du ligger på ryggen<br>pres dine underarme<br>ind mod min brystkasse<br>kast mig fra dig<br>og sæt dig på mig<br>råb efter mig som to drenge<br>der kæmper<br>af vrede<br>der benytter sig af alle grunde<br>til at sætte kløerne i hinanden<br>til at lægge sig oven over hinanden<br>til at slås<br>for siden at lade den på jorden<br>tage kontrollen<br>slå en kolbøtte<br>med mig<br>i nattesengen<br>og vandmadrassen<br>med vores sved<br><br>*<br><br>Blæs ind i min mund<br>mine årer begynder at spire<br>yderst på mine fingerspidser</p></div>
</div>



<div style="height:200px" aria-hidden="true" class="wp-block-spacer"></div>
