{"id":547,"date":"2022-10-28T08:14:07","date_gmt":"2022-10-28T08:14:07","guid":{"rendered":"https:\/\/www.tydeligetegn.dk\/?page_id=547"},"modified":"2022-10-28T08:14:07","modified_gmt":"2022-10-28T08:14:07","slug":"elvir-maleskic","status":"publish","type":"page","link":"https:\/\/www.tydeligetegn.dk\/index.php\/elvir-maleskic\/","title":{"rendered":"Elvir Maleskic"},"content":{"rendered":"<h3 class=\"fonts-plugin-block \" style=\"font-family: georgia\">FED VIBORG<\/h3>\n\n<p class=\"fonts-plugin-block \" style=\"font-family: georgia\"><em>af Elvir Maleskic<\/em><\/p>\n\n<p class=\"fonts-plugin-block \" style=\"font-family: Courier Prime\">det fedeste sted i Viborg<br>er din bakkede h\u00e5ndryg<br>n\u00e5r du vender den<br>vupti<br>uden varsel<br>g\u00e5r stjernerne ud<br>og et arkitekttegnet r\u00e5dhus \u00e5benbarer sig<br>p\u00e5 din h\u00e5ndflade<br>det fedeste sted i Viborg<br>det m\u00e5 v\u00e6re en navle<br>en uendelig domkirke<br>p\u00e5 bagsiden af din ryg\u2003<\/p>\n\n\n<div style=\"height:200px\" aria-hidden=\"true\" class=\"wp-block-spacer\"><\/div>\n","protected":false},"excerpt":{"rendered":"","protected":false},"author":1,"featured_media":0,"parent":0,"menu_order":0,"comment_status":"closed","ping_status":"closed","template":"","meta":{"footnotes":""},"class_list":["post-547","page","type-page","status-publish","hentry","post-preview"],"aioseo_notices":[],"_links":{"self":[{"href":"https:\/\/www.tydeligetegn.dk\/index.php\/wp-json\/wp\/v2\/pages\/547","targetHints":{"allow":["GET"]}}],"collection":[{"href":"https:\/\/www.tydeligetegn.dk\/index.php\/wp-json\/wp\/v2\/pages"}],"about":[{"href":"https:\/\/www.tydeligetegn.dk\/index.php\/wp-json\/wp\/v2\/types\/page"}],"author":[{"embeddable":true,"href":"https:\/\/www.tydeligetegn.dk\/index.php\/wp-json\/wp\/v2\/users\/1"}],"replies":[{"embeddable":true,"href":"https:\/\/www.tydeligetegn.dk\/index.php\/wp-json\/wp\/v2\/comments?post=547"}],"version-history":[{"count":1,"href":"https:\/\/www.tydeligetegn.dk\/index.php\/wp-json\/wp\/v2\/pages\/547\/revisions"}],"predecessor-version":[{"id":548,"href":"https:\/\/www.tydeligetegn.dk\/index.php\/wp-json\/wp\/v2\/pages\/547\/revisions\/548"}],"wp:attachment":[{"href":"https:\/\/www.tydeligetegn.dk\/index.php\/wp-json\/wp\/v2\/media?parent=547"}],"curies":[{"name":"wp","href":"https:\/\/api.w.org\/{rel}","templated":true}]}}