{"id":573,"date":"2023-02-15T17:28:45","date_gmt":"2023-02-15T17:28:45","guid":{"rendered":"https:\/\/www.tydeligetegn.dk\/?page_id=573"},"modified":"2023-02-15T17:28:45","modified_gmt":"2023-02-15T17:28:45","slug":"mia-fauna","status":"publish","type":"page","link":"https:\/\/www.tydeligetegn.dk\/index.php\/mia-fauna\/","title":{"rendered":"Mia Fauna"},"content":{"rendered":"<h2 class=\"fonts-plugin-block \" style=\"font-family: georgia\">Digt<\/h2>\n\n<p class=\"fonts-plugin-block \" style=\"font-family: georgia\"><em>af Mia Fauna<\/em><\/p>\n\n<p class=\"fonts-plugin-block \" style=\"font-family: Courier Prime\">Jeg hader mit arbejde.<br>Jeg hadede ogs\u00e5 mit forrige arbejde.<br>Og det f\u00f8r det.<br>Hvorfor kan jeg ikke bare<br>F\u00e5 lov til at str\u00f8 korn ud til mine 5 h\u00f8ns der g\u00e5r frit p\u00e5 min g\u00e5rdsplads med toppede brosten<br>Og p\u00e5 en eller anden m\u00e5de have penge nok til korn<br>Og m\u00e5ske lidt mad til mig selv.<br>Jeg hader mit arbejde.<br>Hvor k\u00f8ber man h\u00f8ns?<\/p>\n\n\n<div style=\"height:200px\" aria-hidden=\"true\" class=\"wp-block-spacer\"><\/div>\n","protected":false},"excerpt":{"rendered":"","protected":false},"author":1,"featured_media":0,"parent":0,"menu_order":0,"comment_status":"closed","ping_status":"closed","template":"","meta":{"footnotes":""},"class_list":["post-573","page","type-page","status-publish","hentry","post-preview"],"aioseo_notices":[],"_links":{"self":[{"href":"https:\/\/www.tydeligetegn.dk\/index.php\/wp-json\/wp\/v2\/pages\/573","targetHints":{"allow":["GET"]}}],"collection":[{"href":"https:\/\/www.tydeligetegn.dk\/index.php\/wp-json\/wp\/v2\/pages"}],"about":[{"href":"https:\/\/www.tydeligetegn.dk\/index.php\/wp-json\/wp\/v2\/types\/page"}],"author":[{"embeddable":true,"href":"https:\/\/www.tydeligetegn.dk\/index.php\/wp-json\/wp\/v2\/users\/1"}],"replies":[{"embeddable":true,"href":"https:\/\/www.tydeligetegn.dk\/index.php\/wp-json\/wp\/v2\/comments?post=573"}],"version-history":[{"count":1,"href":"https:\/\/www.tydeligetegn.dk\/index.php\/wp-json\/wp\/v2\/pages\/573\/revisions"}],"predecessor-version":[{"id":574,"href":"https:\/\/www.tydeligetegn.dk\/index.php\/wp-json\/wp\/v2\/pages\/573\/revisions\/574"}],"wp:attachment":[{"href":"https:\/\/www.tydeligetegn.dk\/index.php\/wp-json\/wp\/v2\/media?parent=573"}],"curies":[{"name":"wp","href":"https:\/\/api.w.org\/{rel}","templated":true}]}}