{"id":593,"date":"2023-03-21T09:20:17","date_gmt":"2023-03-21T09:20:17","guid":{"rendered":"https:\/\/www.tydeligetegn.dk\/?page_id=593"},"modified":"2023-03-21T09:20:17","modified_gmt":"2023-03-21T09:20:17","slug":"viggo-joergensen","status":"publish","type":"page","link":"https:\/\/www.tydeligetegn.dk\/index.php\/viggo-joergensen\/","title":{"rendered":"Viggo J\u00f8rgensen"},"content":{"rendered":"<h3 class=\"fonts-plugin-block \" style=\"font-family: georgia\">Ensom<\/h3>\n\n<p class=\"fonts-plugin-block \" style=\"font-family: georgia\">af Viggo J\u00f8rgensen<\/p>\n\n<p class=\"fonts-plugin-block \" style=\"font-family: Courier Prime\">Min kone er d\u00f8d.<br>Ensom? Nej overhovedet ikke.<br>Jeg har min kat. Den hedder Pusser.<br>&#8220;Pusser&#8221;, hvor er du?<br>Den er tit v\u00e6k. Den kommer nok, n\u00e5r den er sulten.<br>Jeg kigger lige.<br><br>Nej, jeg elsker at cykle. Jeg cykler den samme rute hver dag &#8211; 6,4 km. Nogle gange, er der nogen der hilser.<br>S\u00e5 nu kom der post. Det er jo mest reklamer.<br>Jeg kigger lige.<br><br>B\u00f8rn og b\u00f8rneb\u00f8rn? De har jo s\u00e5 travlt, med alt det de skal n\u00e5. Jeg forst\u00e5r det godt. Det er ikke nemt at v\u00e6re b\u00f8rnefamilie i dag. To biler og dyrt hus. Jeg sender lidt penge til dem af og til.<br>Kom der en bil?<br>Jeg kigger lige.<br><br>Min familie? De bor jo langt v\u00e6k. Benzin og Storeb\u00e6ltsbroen, det l\u00f8ber jo op. De har jo deres familie. De sejler meget.<br>Jeg bliver nok bare s\u00f8syg, hvis jeg kom med.<br>Det var vist naboen, der gik ud og handlede.<br>Jeg kigger lige.<br><br>Nej, jeg gr\u00e6der ikke. Det er bare det, at nogle gange s\u00e5<br>N\u00e5, skal du videre. Jo selvf\u00f8lgelig. Var det kr\u00e6ftens bek\u00e6mpelse? Du m\u00e5 gerne komme en anden dag.<br>P\u00e5 torsdag skal jeg vist ikke noget.<br>Jeg kigger lige.<\/p>\n\n\n<div style=\"height:200px\" aria-hidden=\"true\" class=\"wp-block-spacer\"><\/div>\n","protected":false},"excerpt":{"rendered":"","protected":false},"author":1,"featured_media":0,"parent":0,"menu_order":0,"comment_status":"closed","ping_status":"closed","template":"","meta":{"footnotes":""},"class_list":["post-593","page","type-page","status-publish","hentry","post-preview"],"aioseo_notices":[],"_links":{"self":[{"href":"https:\/\/www.tydeligetegn.dk\/index.php\/wp-json\/wp\/v2\/pages\/593","targetHints":{"allow":["GET"]}}],"collection":[{"href":"https:\/\/www.tydeligetegn.dk\/index.php\/wp-json\/wp\/v2\/pages"}],"about":[{"href":"https:\/\/www.tydeligetegn.dk\/index.php\/wp-json\/wp\/v2\/types\/page"}],"author":[{"embeddable":true,"href":"https:\/\/www.tydeligetegn.dk\/index.php\/wp-json\/wp\/v2\/users\/1"}],"replies":[{"embeddable":true,"href":"https:\/\/www.tydeligetegn.dk\/index.php\/wp-json\/wp\/v2\/comments?post=593"}],"version-history":[{"count":2,"href":"https:\/\/www.tydeligetegn.dk\/index.php\/wp-json\/wp\/v2\/pages\/593\/revisions"}],"predecessor-version":[{"id":595,"href":"https:\/\/www.tydeligetegn.dk\/index.php\/wp-json\/wp\/v2\/pages\/593\/revisions\/595"}],"wp:attachment":[{"href":"https:\/\/www.tydeligetegn.dk\/index.php\/wp-json\/wp\/v2\/media?parent=593"}],"curies":[{"name":"wp","href":"https:\/\/api.w.org\/{rel}","templated":true}]}}